{"id":214,"date":"2018-07-23T23:05:07","date_gmt":"2018-07-24T04:05:07","guid":{"rendered":"https:\/\/2018.puebla.wordcamp.org\/?page_id=214"},"modified":"2018-08-27T23:31:30","modified_gmt":"2018-08-28T04:31:30","slug":"home","status":"publish","type":"page","link":"https:\/\/puebla.wordcamp.org\/2018\/","title":{"rendered":"Inicio"},"content":{"rendered":"\n<section class=\"container-fluid homesec1\">\n\t<div class=\"row\">\n\t\t<div class=\"col-xl-12 col-lg-12 col-md-12 col-sm-12\">\n\t\t\t<h3>Ya puedes comprar tu entrada para el<\/h3>\n\t\t\t<h1>WordCamp Puebla 2018<\/h1>\n\t\t\t<img data-recalc-dims=\"1\" decoding=\"async\" class=\"img-responsive\" src=\"https:\/\/i0.wp.com\/2018.puebla.wordcamp.org\/files\/2018\/07\/Se-acabo-la-espera.png?w=525&#038;ssl=1\" alt=\"Se acab\u00f3 la espera\">\n\t\t\t<h2>Lugar: Work\u00f3sfera<\/h2>\n\t\t\t<h2>Fecha: 10 de noviembre<\/h2>\n\t\t<\/div>\n\t<\/div>\n<\/section>\n\n<section class=\"container-fluid homesec2\">\n\t<div class=\"row\">\n\t\t<div class=\"col-sm-12 col-md-4\">\n\t\t\t<div class=\"box1\">\n\t\t\t\t<img data-recalc-dims=\"1\" decoding=\"async\" class=\"shake-slow\" src=\"https:\/\/i0.wp.com\/2018.puebla.wordcamp.org\/files\/2018\/07\/Acceso-a-las-salas.png?w=525&#038;ssl=1\" alt=\"Acceso a todas las salas\"><p><\/p>\n\t\t\t\t<ul>\n\t\t\t\t\t<li>Charlas divididas en dos escenarios en el WordCamp Puebla.<\/li>\n\t\t\t\t<\/ul>\n\t\t\t<\/div>\n\t\t<\/div>\n\t\t<div class=\"col-sm-12 col-md-4\">\n\t\t\t<div class=\"box2\">\n\t\t\t\t<img data-recalc-dims=\"1\" decoding=\"async\" class=\"shake-slow\" src=\"https:\/\/i0.wp.com\/2018.puebla.wordcamp.org\/files\/2018\/07\/bolsa-de-regalos.png?w=525&#038;ssl=1\" alt=\"Regalos\"><p><\/p>\n\t\t\t\t<ul>\n\t\t\t\t\t<li>Bolsa de regalos con camiseta del WordCamp y otros regalos promocionales.<\/li>\n\t\t\t\t<\/ul>\n\t\t\t<\/div>\n\t\t<\/div>\n\t\t<div class=\"col-sm-12 col-md-4\">\n\t\t\t<div class=\"box2\">\n\t\t\t\t<img data-recalc-dims=\"1\" decoding=\"async\" class=\"shake-slow\" src=\"https:\/\/i0.wp.com\/2018.puebla.wordcamp.org\/files\/2018\/07\/caf%C3%A9-t%C3%A9.png?w=525&#038;ssl=1\" alt=\"Refrigerios\"><p><\/p>\n\t\t\t\t<ul>\n\t\t\t\t\t<li>Caf\u00e9 \/ T\u00e9 \/ Agua y Lunch box durante el evento.<\/li>\n\t\t\t\t<\/ul>\n\t\t\t<\/div>\n\t\t<\/div>\n\t<\/div>\n\t<div class=\"row\">\n\t\t<div class=\"col-sm-12 col-md-4\">\n\t\t\t<div class=\"box1\">\n\t\t\t\t<img data-recalc-dims=\"1\" decoding=\"async\" class=\"shake-slow\" src=\"https:\/\/i0.wp.com\/2018.puebla.wordcamp.org\/files\/2018\/07\/Acceso-al-After.png?w=525&#038;ssl=1\" alt=\"Acceso al after\"><p><\/p>\n\t\t\t\t<ul>\n\t\t\t\t\t<li>Oportunidad de formar parte de la comunidad WordPress y colaborar como voluntario.<\/li>\n\t\t\t\t<\/ul>\n\t\t\t<\/div>\n\t\t<\/div>\n\t\t<div class=\"col-sm-12 col-md-4\">\n\t\t\t<div class=\"box2\">\n\t\t\t\t<img data-recalc-dims=\"1\" decoding=\"async\" class=\"shake-slow\" src=\"https:\/\/i0.wp.com\/2018.puebla.wordcamp.org\/files\/2018\/07\/networking.png?w=525&#038;ssl=1\" alt=\"Networking\"><p><\/p>\n\t\t\t\t<ul>\n\t\t\t\t\t<li>Networking con especialistas en marketing, programaci\u00f3n, emprendedores y quiz\u00e1 hasta tu pr\u00f3ximo aliado de negocios.<\/li>\n\t\t\t\t<\/ul>\n\t\t\t<\/div>\n\t\t<\/div>\n\t\t<div class=\"col-sm-12 col-md-4\">\n\t\t\t<div class=\"box2\">\n\t\t\t\t<img data-recalc-dims=\"1\" decoding=\"async\" class=\"shake-slow\" src=\"https:\/\/i0.wp.com\/2018.puebla.wordcamp.org\/files\/2018\/07\/extra.png?w=525&#038;ssl=1\" alt=\"Evento inspirador\"><p><\/p>\n\t\t\t\t<ul>\n\t\t\t\t\t<li>En general, la posibilidad de participar en un evento inspirador.<\/li>\n\t\t\t\t<\/ul>\n\t\t\t<\/div>\n\t\t<\/div>\n\t<\/div>\n\t<div class=\"col-sm-12 col-md-12\">\n\t\t<a href=\"https:\/\/2018.puebla.wordcamp.org\/tickets\/\"><button>\u00a1Comprar boleto!<\/button><\/a>\n\t<\/div>\n<\/section>\n\n<section class=\"container-fluid parallax homesec3\">\n\t<div class=\"row\">\n\t\t<div class=\"col-sm-12 col-md-12 txtparallax txt-center\">\n\t\t\t<h2>\u00bfQu\u00e9 son los WordCamp?<\/h2>\n\t\t\t<p>Los WordCamps son una conferencias oficiales de WordPress aprobadas por WordPress Central. Son una iniciativa sin \u00e1nimo de lucro y el precio del boleto est\u00e1 altamente subsidiado para el beneficio de la comunidad. Los asistentes de WordCamp incluyen desarrolladores, bloggers, usuarios, empresarios, proveedores de servicios, empresas y principiantes que comienzan con WordPress.<\/p>\n\t\t<\/div>\n\t<\/div>\n<\/section>\n\n<section class=\"container homesec5\">\n  \t<div class=\"row conocimiento\">\n    \t<div class=\"col-sm-12 col-md-6\">\n        \t<img data-recalc-dims=\"1\" decoding=\"async\" class=\"img-responsive shake-chunk\" src=\"https:\/\/i0.wp.com\/2018.puebla.wordcamp.org\/files\/2018\/07\/conocimiento.png?w=525&#038;ssl=1\">\n    \t<\/div>\n\t\t<div class=\"col-sm-12 col-md-6 txtcon\">\n\t\t\t<h3>Conocimiento<\/h3>\n\t\t\t<hr>\n\t\t\t<p>18 pl\u00e1ticas con temas como Javascript, PHP, seguridad, UX, marketing, emprendimiento, administraci\u00f3n de proyectos, ecommerce y m\u00e1s.<\/p>\n\t\t<\/div>\n\t<\/div>\n\t<div class=\"row networking txtcenter\">\n\t    <div class=\"col-sm-12 col-md-6 txtnet\">\n\t\t\t<h3>Espacios de Neworking<\/h3>\n\t\t\t<hr>\n\t\t\t<p>Podr\u00e1s compartir con diferentes patrocinadores y expertos. As\u00ed como rondas de preguntas al terminar cada pl\u00e1tica para despejar cualquier duda.<\/p>\n\t\t<\/div>\n\t\t<div class=\"col-sm-12 col-md-6\">\n\t\t    <img data-recalc-dims=\"1\" decoding=\"async\" class=\"img-responsive shake-chunk\" src=\"https:\/\/i0.wp.com\/2018.puebla.wordcamp.org\/files\/2018\/07\/espacios-de-coworking.png?w=525&#038;ssl=1\">\n\t\t<\/div>\n\t<\/div>\n\t<div class=\"row diversion\">\n    \t<div class=\"col-sm-12 col-md-6\">\n        \t<img data-recalc-dims=\"1\" decoding=\"async\" class=\"img-responsive shake-chunk\" src=\"https:\/\/i0.wp.com\/2018.puebla.wordcamp.org\/files\/2018\/07\/Diversi%C3%B3n.png?w=525&#038;ssl=1\">\n    \t<\/div>\n\t\t<div class=\"col-sm-12 col-md-6 txtdiv\">\n\t\t\t<h3>Diversi\u00f3n<\/h3>\n\t\t\t<hr>\n\t\t\t<p>Almuerzo, coffe break, snacks, sorpresas, camiseta del evento, souvenirs de patrocinadores y una incre\u00edble comunidad.<\/p>\n\t\t<\/div>\n\t<\/div>\n\t<div class=\"col-sm-12 col-md-12 text-center\">\n\t\t<a href=\"https:\/\/2018.puebla.wordcamp.org\/tickets\/\"><button>\u00a1Comprar boleto!<\/button><\/a>\n\t<\/div>\n<\/section>\n","protected":false},"excerpt":{"rendered":"<p>Ya puedes comprar tu entrada para el WordCamp Puebla 2018 Lugar: Work\u00f3sfera Fecha: 10 de noviembre Charlas divididas en dos escenarios en el WordCamp Puebla. Bolsa de regalos con camiseta del WordCamp y otros regalos promocionales. Caf\u00e9 \/ T\u00e9 \/ Agua y Lunch box durante el evento. Oportunidad de formar parte de la comunidad WordPress &hellip; <\/p>\n<p class=\"link-more\"><a href=\"https:\/\/puebla.wordcamp.org\/2018\/\" class=\"more-link\">Continuar leyendo<span class=\"screen-reader-text\"> \u00abInicio\u00bb<\/span><\/a><\/p>\n","protected":false},"author":15580649,"featured_media":0,"parent":0,"menu_order":0,"comment_status":"closed","ping_status":"closed","template":"","meta":{"jetpack_post_was_ever_published":false,"footnotes":""},"class_list":["post-214","page","type-page","status-publish","hentry"],"jetpack_sharing_enabled":true,"jetpack_shortlink":"https:\/\/wp.me\/P9NyZQ-3s","jetpack_likes_enabled":true,"_links":{"self":[{"href":"https:\/\/puebla.wordcamp.org\/2018\/wp-json\/wp\/v2\/pages\/214","targetHints":{"allow":["GET"]}}],"collection":[{"href":"https:\/\/puebla.wordcamp.org\/2018\/wp-json\/wp\/v2\/pages"}],"about":[{"href":"https:\/\/puebla.wordcamp.org\/2018\/wp-json\/wp\/v2\/types\/page"}],"author":[{"embeddable":true,"href":"https:\/\/puebla.wordcamp.org\/2018\/wp-json\/wp\/v2\/users\/15580649"}],"replies":[{"embeddable":true,"href":"https:\/\/puebla.wordcamp.org\/2018\/wp-json\/wp\/v2\/comments?post=214"}],"version-history":[{"count":73,"href":"https:\/\/puebla.wordcamp.org\/2018\/wp-json\/wp\/v2\/pages\/214\/revisions"}],"predecessor-version":[{"id":1003,"href":"https:\/\/puebla.wordcamp.org\/2018\/wp-json\/wp\/v2\/pages\/214\/revisions\/1003"}],"wp:attachment":[{"href":"https:\/\/puebla.wordcamp.org\/2018\/wp-json\/wp\/v2\/media?parent=214"}],"curies":[{"name":"wp","href":"https:\/\/api.w.org\/{rel}","templated":true}]}}