{"id":10,"date":"2019-06-11T09:33:59","date_gmt":"2019-06-11T09:33:59","guid":{"rendered":"https:\/\/2019.puebla.wordcamp.org\/sponsors\/"},"modified":"2019-09-29T14:03:54","modified_gmt":"2019-09-29T19:03:54","slug":"sponsors","status":"publish","type":"page","link":"https:\/\/puebla.wordcamp.org\/2019\/sponsors\/","title":{"rendered":"Sponsors"},"content":{"rendered":"<div class=\"container sponsors\">\n<div class=\"row\">\n<div class=\"col-sm-12\">\n\t\t\t\t\n\t<div class=\"wcorg-sponsors\">\n\t\t\n\t\t\t<div class=\"wcorg-sponsor-level-dorado\">\n\t\t\t\t<h2>Dorado<\/h2>\n\n\t\t\t\t\n\t\t\t\t\t<div id=\"wcorg-sponsor-20\" class=\"wcorg-sponsor\">\n\t\t\t\t\t\t\t\t\t\t\t\t\t\t\t\t\t\t\t\t\t<h3>\n\t\t\t\t\t\t\t\t\tLiquid Web\t\t\t\t\t\t\t\t<\/h3>\n\t\t\t\t\t\t\t\t\t\t\t\t\t\n\t\t\t\t\t\t<div class=\"wcorg-sponsor-description\">\n\t\t\t\t\t\t\t\t\t\t\t\t\t\t\t<img loading=\"lazy\" decoding=\"async\" width=\"841\" height=\"200\" src=\"https:\/\/puebla.wordcamp.org\/2019\/files\/2019\/06\/lw-logo.png\" class=\"attachment-wcb-sponsor-logo-horizontal-2x size-wcb-sponsor-logo-horizontal-2x wp-post-image\" alt=\"Liquid Web\" srcset=\"https:\/\/puebla.wordcamp.org\/2019\/files\/2019\/06\/lw-logo.png 841w, https:\/\/puebla.wordcamp.org\/2019\/files\/2019\/06\/lw-logo-300x71.png 300w, https:\/\/puebla.wordcamp.org\/2019\/files\/2019\/06\/lw-logo-768x183.png 768w, https:\/\/puebla.wordcamp.org\/2019\/files\/2019\/06\/lw-logo-500x119.png 500w\" sizes=\"auto, (max-width: 841px) 100vw, 841px\" \/>\t\t\t\t\t\t\t\n\t\t\t\t\t\t\t\t\t\t\t\t\t\t\t<p>Desde hace m\u00e1s de 20 a\u00f1os,\u00a0Liquid Web\u00a0ha estado entregando productos, servicios y soporte dise\u00f1ados espec\u00edficamente para sitios de misi\u00f3n cr\u00edtica, tiendas y aplicaciones. Conocidos por nuestros servicios de alto rendimiento y el excepcional servicio de atenci\u00f3n al cliente, poseemos y gestionamos nuestros propios centros de datos principales y ofrecemos una amplia gama de ofertas de &hellip; <a href=\"https:\/\/puebla.wordcamp.org\/2019\/sponsor\/liquid-web\/\" class=\"more-link\">Sigue leyendo<span class=\"screen-reader-text\"> \u00abLiquid Web\u00bb<\/span><\/a><\/p>\n\t\t\t\t\t\t\t\t\t\t\t\t\t<\/div>\n\t\t\t\t\t<\/div><!-- #sponsor -->\n\t\t\t\t\n\t\t\t\t\t<div id=\"wcorg-sponsor-22\" class=\"wcorg-sponsor\">\n\t\t\t\t\t\t\t\t\t\t\t\t\t\t\t\t\t\t\t\t\t<h3>\n\t\t\t\t\t\t\t\t\tWooCommerce\t\t\t\t\t\t\t\t<\/h3>\n\t\t\t\t\t\t\t\t\t\t\t\t\t\n\t\t\t\t\t\t<div class=\"wcorg-sponsor-description\">\n\t\t\t\t\t\t\t\t\t\t\t\t\t\t\t<img loading=\"lazy\" decoding=\"async\" width=\"510\" height=\"151\" src=\"https:\/\/puebla.wordcamp.org\/2019\/files\/2019\/06\/logo-woocommerce-black.png\" class=\"attachment-wcb-sponsor-logo-horizontal-2x size-wcb-sponsor-logo-horizontal-2x wp-post-image\" alt=\"WooCommerce\" srcset=\"https:\/\/puebla.wordcamp.org\/2019\/files\/2019\/06\/logo-woocommerce-black.png 510w, https:\/\/puebla.wordcamp.org\/2019\/files\/2019\/06\/logo-woocommerce-black-300x89.png 300w, https:\/\/puebla.wordcamp.org\/2019\/files\/2019\/06\/logo-woocommerce-black-500x148.png 500w\" sizes=\"auto, (max-width: 510px) 100vw, 510px\" \/>\t\t\t\t\t\t\t\n\t\t\t\t\t\t\t\t\t\t\t\t\t\t\t<p>WooCommerce es una plataforma de comercio electr\u00f3nico de c\u00f3digo abierto construida en WordPress. Venda cualquier cosa en l\u00ednea con la flexibilidad y libertad del CMS m\u00e1s popular del mundo. 4+ millones de instalaciones activas 55+ millones de descargas M\u00e1s de 450 extensiones para agregar y extender la funcionalidad. Ya sea que est\u00e9 vendiendo algunos art\u00edculos &hellip; <a href=\"https:\/\/puebla.wordcamp.org\/2019\/sponsor\/woocommerce\/\" class=\"more-link\">Sigue leyendo<span class=\"screen-reader-text\"> \u00abWooCommerce\u00bb<\/span><\/a><\/p>\n\t\t\t\t\t\t\t\t\t\t\t\t\t<\/div>\n\t\t\t\t\t<\/div><!-- #sponsor -->\n\t\t\t\t\n\t\t\t\t\t<div id=\"wcorg-sponsor-24\" class=\"wcorg-sponsor\">\n\t\t\t\t\t\t\t\t\t\t\t\t\t\t\t\t\t\t\t\t\t<h3>\n\t\t\t\t\t\t\t\t\tJetpack\t\t\t\t\t\t\t\t<\/h3>\n\t\t\t\t\t\t\t\t\t\t\t\t\t\n\t\t\t\t\t\t<div class=\"wcorg-sponsor-description\">\n\t\t\t\t\t\t\t\t\t\t\t\t\t\t\t<img loading=\"lazy\" decoding=\"async\" width=\"500\" height=\"136\" src=\"https:\/\/puebla.wordcamp.org\/2019\/files\/2019\/06\/Jetpack_Horizontal_RGB_500.png\" class=\"attachment-wcb-sponsor-logo-horizontal-2x size-wcb-sponsor-logo-horizontal-2x wp-post-image\" alt=\"Jetpack\" srcset=\"https:\/\/puebla.wordcamp.org\/2019\/files\/2019\/06\/Jetpack_Horizontal_RGB_500.png 500w, https:\/\/puebla.wordcamp.org\/2019\/files\/2019\/06\/Jetpack_Horizontal_RGB_500-300x82.png 300w\" sizes=\"auto, (max-width: 500px) 100vw, 500px\" \/>\t\t\t\t\t\t\t\n\t\t\t\t\t\t\t\t\t\t\t\t\t\t\t<p>Transforme la forma en que trabaja con sus sitios de WordPress: Jetpack conecta su sitio con los servicios globales, la comunidad y el soporte proporcionado por WordPress.com. Conc\u00e9ntrese en la sustancia de su sitio, no en el software. Las herramientas de seguridad de Jetpack protegen autom\u00e1ticamente su sitio de spammers, hackers y malware, mientras que &hellip; <a href=\"https:\/\/puebla.wordcamp.org\/2019\/sponsor\/jetpack\/\" class=\"more-link\">Sigue leyendo<span class=\"screen-reader-text\"> \u00abJetpack\u00bb<\/span><\/a><\/p>\n\t\t\t\t\t\t\t\t\t\t\t\t\t<\/div>\n\t\t\t\t\t<\/div><!-- #sponsor -->\n\t\t\t\t\n\t\t\t\t\t<div id=\"wcorg-sponsor-26\" class=\"wcorg-sponsor\">\n\t\t\t\t\t\t\t\t\t\t\t\t\t\t\t\t\t\t\t\t\t<h3>\n\t\t\t\t\t\t\t\t\tBluehost\t\t\t\t\t\t\t\t<\/h3>\n\t\t\t\t\t\t\t\t\t\t\t\t\t\n\t\t\t\t\t\t<div class=\"wcorg-sponsor-description\">\n\t\t\t\t\t\t\t\t\t\t\t\t\t\t\t<img loading=\"lazy\" decoding=\"async\" width=\"651\" height=\"137\" src=\"https:\/\/puebla.wordcamp.org\/2019\/files\/2019\/06\/bh_logo_2015.png\" class=\"attachment-wcb-sponsor-logo-horizontal-2x size-wcb-sponsor-logo-horizontal-2x wp-post-image\" alt=\"Bluehost\" srcset=\"https:\/\/puebla.wordcamp.org\/2019\/files\/2019\/06\/bh_logo_2015.png 651w, https:\/\/puebla.wordcamp.org\/2019\/files\/2019\/06\/bh_logo_2015-300x63.png 300w, https:\/\/puebla.wordcamp.org\/2019\/files\/2019\/06\/bh_logo_2015-500x105.png 500w\" sizes=\"auto, (max-width: 651px) 100vw, 651px\" \/>\t\t\t\t\t\t\t\n\t\t\t\t\t\t\t\t\t\t\t\t\t\t\t<p>Bluehost\u00a0ha sido socio de WordPress desde 2005 y tiene m\u00e1s de 1 mill\u00f3n de sitios de WordPress en todo el mundo. Su objetivo es ayudar a los clientes, ya sean novatos o profesionales, a crear una presencia pr\u00f3spera en l\u00ednea a un precio asequible. Con un equipo de expertos en tecnolog\u00eda internos disponibles las 24 &hellip; <a href=\"https:\/\/puebla.wordcamp.org\/2019\/sponsor\/bluehost\/\" class=\"more-link\">Sigue leyendo<span class=\"screen-reader-text\"> \u00abBluehost\u00bb<\/span><\/a><\/p>\n\t\t\t\t\t\t\t\t\t\t\t\t\t<\/div>\n\t\t\t\t\t<\/div><!-- #sponsor -->\n\t\t\t\t\n\t\t\t\t\t<div id=\"wcorg-sponsor-1381\" class=\"wcorg-sponsor\">\n\t\t\t\t\t\t\t\t\t\t\t\t\t\t\t\t\t\t\t\t\t<h3>\n\t\t\t\t\t\t\t\t\tWebempresa\t\t\t\t\t\t\t\t<\/h3>\n\t\t\t\t\t\t\t\t\t\t\t\t\t\n\t\t\t\t\t\t<div class=\"wcorg-sponsor-description\">\n\t\t\t\t\t\t\t\t\t\t\t\t\t\t\t<img loading=\"lazy\" decoding=\"async\" width=\"688\" height=\"208\" src=\"https:\/\/puebla.wordcamp.org\/2019\/files\/2019\/10\/logo_webempresa_hosting_wordpress-mexico.png\" class=\"attachment-wcb-sponsor-logo-horizontal-2x size-wcb-sponsor-logo-horizontal-2x wp-post-image\" alt=\"Webempresa\" srcset=\"https:\/\/puebla.wordcamp.org\/2019\/files\/2019\/10\/logo_webempresa_hosting_wordpress-mexico.png 688w, https:\/\/puebla.wordcamp.org\/2019\/files\/2019\/10\/logo_webempresa_hosting_wordpress-mexico-300x91.png 300w, https:\/\/puebla.wordcamp.org\/2019\/files\/2019\/10\/logo_webempresa_hosting_wordpress-mexico-500x151.png 500w\" sizes=\"auto, (max-width: 688px) 100vw, 688px\" \/>\t\t\t\t\t\t\t\n\t\t\t\t\t\t\t\t\t\t\t\t\t\t\t<p>Webempresa&nbsp;la formamos un equipo de m\u00e1s de 50 personas enamoradas de lo que hacemos. Llevamos 20 a\u00f1os ayudando a miles de clientes a enviar su mensaje al mundo con nuestro Hosting WordPress, ocup\u00e1ndonos del alojamiento de sus webs para que puedan centrarse \u00fanicamente en sus proyectos. Dise\u00f1amos el&nbsp;hosting Webempresa&nbsp;para ofrecer la mejor velocidad y la &hellip; <a href=\"https:\/\/puebla.wordcamp.org\/2019\/sponsor\/webempresa\/\" class=\"more-link\">Sigue leyendo<span class=\"screen-reader-text\"> \u00abWebempresa\u00bb<\/span><\/a><\/p>\n\t\t\t\t\t\t\t\t\t\t\t\t\t<\/div>\n\t\t\t\t\t<\/div><!-- #sponsor -->\n\t\t\t\t\t\t\t<\/div><!-- .wcorg-sponsor-level -->\n\t\t\n\t\t\t<div class=\"wcorg-sponsor-level-plateado\">\n\t\t\t\t<h2>Plateado<\/h2>\n\n\t\t\t\t\n\t\t\t\t\t<div id=\"wcorg-sponsor-28\" class=\"wcorg-sponsor\">\n\t\t\t\t\t\t\t\t\t\t\t\t\t\t\t\t\t\t\t\t\t<h3>\n\t\t\t\t\t\t\t\t\tGreenGeeks\t\t\t\t\t\t\t\t<\/h3>\n\t\t\t\t\t\t\t\t\t\t\t\t\t\n\t\t\t\t\t\t<div class=\"wcorg-sponsor-description\">\n\t\t\t\t\t\t\t\t\t\t\t\t\t\t\t<img loading=\"lazy\" decoding=\"async\" width=\"505\" height=\"100\" src=\"https:\/\/puebla.wordcamp.org\/2019\/files\/2019\/06\/2017-GreenGeeks-logo-CMYK-black-type.png\" class=\"attachment-wcb-sponsor-logo-horizontal-2x size-wcb-sponsor-logo-horizontal-2x wp-post-image\" alt=\"GreenGeeks\" srcset=\"https:\/\/puebla.wordcamp.org\/2019\/files\/2019\/06\/2017-GreenGeeks-logo-CMYK-black-type.png 505w, https:\/\/puebla.wordcamp.org\/2019\/files\/2019\/06\/2017-GreenGeeks-logo-CMYK-black-type-300x59.png 300w, https:\/\/puebla.wordcamp.org\/2019\/files\/2019\/06\/2017-GreenGeeks-logo-CMYK-black-type-500x99.png 500w\" sizes=\"auto, (max-width: 505px) 100vw, 505px\" \/>\t\t\t\t\t\t\t\n\t\t\t\t\t\t\t\t\t\t\t\t\t\t\t<p>El equipo de gesti\u00f3n de GreenGeeks tiene m\u00e1s de 40 a\u00f1os de experiencia en proporcionar alojamiento de sitios web asequibles y de alta calidad. Su cuenta utilizar\u00e1 solo el mejor hardware de servidor, los proveedores de red m\u00e1s confiables y los programas de software m\u00e1s actualizados disponibles en cualquier parte de Internet. Adem\u00e1s, su cuenta &hellip; <a href=\"https:\/\/puebla.wordcamp.org\/2019\/sponsor\/greengeeks\/\" class=\"more-link\">Sigue leyendo<span class=\"screen-reader-text\"> \u00abGreenGeeks\u00bb<\/span><\/a><\/p>\n\t\t\t\t\t\t\t\t\t\t\t\t\t<\/div>\n\t\t\t\t\t<\/div><!-- #sponsor -->\n\t\t\t\t\n\t\t\t\t\t<div id=\"wcorg-sponsor-30\" class=\"wcorg-sponsor\">\n\t\t\t\t\t\t\t\t\t\t\t\t\t\t\t\t\t\t\t\t\t<h3>\n\t\t\t\t\t\t\t\t\tGoDaddy\t\t\t\t\t\t\t\t<\/h3>\n\t\t\t\t\t\t\t\t\t\t\t\t\t\n\t\t\t\t\t\t<div class=\"wcorg-sponsor-description\">\n\t\t\t\t\t\t\t\t\t\t\t\t\t\t\t<img loading=\"lazy\" decoding=\"async\" width=\"451\" height=\"150\" src=\"https:\/\/puebla.wordcamp.org\/2019\/files\/2019\/06\/GD_WORDMARK_RGB_BLACK_WORDMARK_RGB_BLACK.png\" class=\"attachment-wcb-sponsor-logo-horizontal-2x size-wcb-sponsor-logo-horizontal-2x wp-post-image\" alt=\"GoDaddy\" srcset=\"https:\/\/puebla.wordcamp.org\/2019\/files\/2019\/06\/GD_WORDMARK_RGB_BLACK_WORDMARK_RGB_BLACK.png 451w, https:\/\/puebla.wordcamp.org\/2019\/files\/2019\/06\/GD_WORDMARK_RGB_BLACK_WORDMARK_RGB_BLACK-300x100.png 300w\" sizes=\"auto, (max-width: 451px) 100vw, 451px\" \/>\t\t\t\t\t\t\t\n\t\t\t\t\t\t\t\t\t\t\t\t\t\t\t<p>GoDaddy Pro ofrece un conjunto robusto de herramientas gratuitas para desarrolladores y dise\u00f1adores web para ayudarles a ahorrar tiempo en la administraci\u00f3n de todos sus clientes y sitios. Con GoDaddy Pro,\u00a0 puede hacer m\u00e1s f\u00e1cil la compra a su cliente, monitorear sus sitios y administrar todos sus sitios web de WordPress desde un solo lugar. &hellip; <a href=\"https:\/\/puebla.wordcamp.org\/2019\/sponsor\/godaddy\/\" class=\"more-link\">Sigue leyendo<span class=\"screen-reader-text\"> \u00abGoDaddy\u00bb<\/span><\/a><\/p>\n\t\t\t\t\t\t\t\t\t\t\t\t\t<\/div>\n\t\t\t\t\t<\/div><!-- #sponsor -->\n\t\t\t\t\n\t\t\t\t\t<div id=\"wcorg-sponsor-114\" class=\"wcorg-sponsor\">\n\t\t\t\t\t\t\t\t\t\t\t\t\t\t\t\t\t\t\t\t\t<h3>\n\t\t\t\t\t\t\t\t\tHubSpot\t\t\t\t\t\t\t\t<\/h3>\n\t\t\t\t\t\t\t\t\t\t\t\t\t\n\t\t\t\t\t\t<div class=\"wcorg-sponsor-description\">\n\t\t\t\t\t\t\t\t\t\t\t\t\t\t\t<img loading=\"lazy\" decoding=\"async\" width=\"672\" height=\"261\" src=\"https:\/\/puebla.wordcamp.org\/2019\/files\/2019\/06\/hubspotlogo-web-color.png\" class=\"attachment-wcb-sponsor-logo-horizontal-2x size-wcb-sponsor-logo-horizontal-2x wp-post-image\" alt=\"HubSpot\" srcset=\"https:\/\/puebla.wordcamp.org\/2019\/files\/2019\/06\/hubspotlogo-web-color.png 672w, https:\/\/puebla.wordcamp.org\/2019\/files\/2019\/06\/hubspotlogo-web-color-300x117.png 300w, https:\/\/puebla.wordcamp.org\/2019\/files\/2019\/06\/hubspotlogo-web-color-500x194.png 500w\" sizes=\"auto, (max-width: 672px) 100vw, 672px\" \/>\t\t\t\t\t\t\t\n\t\t\t\t\t\t\t\t\t\t\t\t\t\t\t<p>HubSpot (NYSE: HUBS) es una plataforma de crecimiento l\u00edder. Desde 2006, HubSpot ha estado en una misi\u00f3n para hacer que el mundo sea m\u00e1s entrante. Hoy en d\u00eda, m\u00e1s de 56,500 clientes en m\u00e1s de 100 pa\u00edses usan el galardonado software, servicios y soporte de HubSpot para transformar la forma en que atraen, involucran y &hellip; <a href=\"https:\/\/puebla.wordcamp.org\/2019\/sponsor\/hubspot\/\" class=\"more-link\">Sigue leyendo<span class=\"screen-reader-text\"> \u00abHubSpot\u00bb<\/span><\/a><\/p>\n\t\t\t\t\t\t\t\t\t\t\t\t\t<\/div>\n\t\t\t\t\t<\/div><!-- #sponsor -->\n\t\t\t\t\n\t\t\t\t\t<div id=\"wcorg-sponsor-1501\" class=\"wcorg-sponsor\">\n\t\t\t\t\t\t\t\t\t\t\t\t\t\t\t\t\t\t\t\t\t<h3>\n\t\t\t\t\t\t\t\t\tWeglot\t\t\t\t\t\t\t\t<\/h3>\n\t\t\t\t\t\t\t\t\t\t\t\t\t\n\t\t\t\t\t\t<div class=\"wcorg-sponsor-description\">\n\t\t\t\t\t\t\t\t\t\t\t\t\t\t\t<img loading=\"lazy\" decoding=\"async\" width=\"1118\" height=\"317\" src=\"https:\/\/puebla.wordcamp.org\/2019\/files\/2019\/10\/Weglot-logo.png\" class=\"attachment-wcb-sponsor-logo-horizontal-2x size-wcb-sponsor-logo-horizontal-2x wp-post-image\" alt=\"Weglot\" srcset=\"https:\/\/puebla.wordcamp.org\/2019\/files\/2019\/10\/Weglot-logo.png 1118w, https:\/\/puebla.wordcamp.org\/2019\/files\/2019\/10\/Weglot-logo-300x85.png 300w, https:\/\/puebla.wordcamp.org\/2019\/files\/2019\/10\/Weglot-logo-768x218.png 768w, https:\/\/puebla.wordcamp.org\/2019\/files\/2019\/10\/Weglot-logo-1024x290.png 1024w, https:\/\/puebla.wordcamp.org\/2019\/files\/2019\/10\/Weglot-logo-500x142.png 500w\" sizes=\"auto, (max-width: 1118px) 100vw, 1118px\" \/>\t\t\t\t\t\t\t\n\t\t\t\t\t\t\t\t\t\t\t\t\t\t\t<p>Created to simplify your translation process - the Weglot plugin is a reliable and easy way to make any website multilingual in minutes. Quick, seamless installation - with no coding required and no developer time needed. Use Weglot\u2019s simplified interface to manage your translations and order additional manual translation where required. And, say hello to &hellip; <a href=\"https:\/\/puebla.wordcamp.org\/2019\/sponsor\/weglot\/\" class=\"more-link\">Sigue leyendo<span class=\"screen-reader-text\"> \u00abWeglot\u00bb<\/span><\/a><\/p>\n\t\t\t\t\t\t\t\t\t\t\t\t\t<\/div>\n\t\t\t\t\t<\/div><!-- #sponsor -->\n\t\t\t\t\t\t\t<\/div><!-- .wcorg-sponsor-level -->\n\t\t\n\t\t\t<div class=\"wcorg-sponsor-level-bronce\">\n\t\t\t\t<h2>Bronce<\/h2>\n\n\t\t\t\t\n\t\t\t\t\t<div id=\"wcorg-sponsor-32\" class=\"wcorg-sponsor\">\n\t\t\t\t\t\t\t\t\t\t\t\t\t\t\t\t\t\t\t\t\t<h3>\n\t\t\t\t\t\t\t\t\tDreamHost\t\t\t\t\t\t\t\t<\/h3>\n\t\t\t\t\t\t\t\t\t\t\t\t\t\n\t\t\t\t\t\t<div class=\"wcorg-sponsor-description\">\n\t\t\t\t\t\t\t\t\t\t\t\t\t\t\t<img loading=\"lazy\" decoding=\"async\" width=\"640\" height=\"121\" src=\"https:\/\/puebla.wordcamp.org\/2019\/files\/2019\/06\/DreamHost-new-logo.png\" class=\"attachment-wcb-sponsor-logo-horizontal-2x size-wcb-sponsor-logo-horizontal-2x wp-post-image\" alt=\"DreamHost\" srcset=\"https:\/\/puebla.wordcamp.org\/2019\/files\/2019\/06\/DreamHost-new-logo.png 640w, https:\/\/puebla.wordcamp.org\/2019\/files\/2019\/06\/DreamHost-new-logo-300x57.png 300w, https:\/\/puebla.wordcamp.org\/2019\/files\/2019\/06\/DreamHost-new-logo-500x95.png 500w\" sizes=\"auto, (max-width: 640px) 100vw, 640px\" \/>\t\t\t\t\t\t\t\n\t\t\t\t\t\t\t\t\t\t\t\t\t\t\t<p>Desde 1997, DreamHost ha ayudado a personas, peque\u00f1as empresas, empresarios y desarrolladores de todo el mundo a hacer realidad sus sue\u00f1os en Internet. L\u00edder en hospedaje de WordPress administrado, m\u00e1s de 400,000 clientes conf\u00edan en DreamHost como su hogar en l\u00ednea. Al apoyar a la comunidad de c\u00f3digo abierto con recursos dedicados y un equipo &hellip; <a href=\"https:\/\/puebla.wordcamp.org\/2019\/sponsor\/dreamhost\/\" class=\"more-link\">Sigue leyendo<span class=\"screen-reader-text\"> \u00abDreamHost\u00bb<\/span><\/a><\/p>\n\t\t\t\t\t\t\t\t\t\t\t\t\t<\/div>\n\t\t\t\t\t<\/div><!-- #sponsor -->\n\t\t\t\t\n\t\t\t\t\t<div id=\"wcorg-sponsor-1536\" class=\"wcorg-sponsor\">\n\t\t\t\t\t\t\t\t\t\t\t\t\t\t\t\t\t\t\t\t\t<h3>\n\t\t\t\t\t\t\t\t\tKinsta\t\t\t\t\t\t\t\t<\/h3>\n\t\t\t\t\t\t\t\t\t\t\t\t\t\n\t\t\t\t\t\t<div class=\"wcorg-sponsor-description\">\n\t\t\t\t\t\t\t\t\t\t\t\t\t\t\t<img loading=\"lazy\" decoding=\"async\" width=\"504\" height=\"100\" src=\"https:\/\/puebla.wordcamp.org\/2019\/files\/2019\/10\/kinsta-logo-alpha-purple.png\" class=\"attachment-wcb-sponsor-logo-horizontal-2x size-wcb-sponsor-logo-horizontal-2x wp-post-image\" alt=\"Kinsta\" srcset=\"https:\/\/puebla.wordcamp.org\/2019\/files\/2019\/10\/kinsta-logo-alpha-purple.png 504w, https:\/\/puebla.wordcamp.org\/2019\/files\/2019\/10\/kinsta-logo-alpha-purple-300x60.png 300w, https:\/\/puebla.wordcamp.org\/2019\/files\/2019\/10\/kinsta-logo-alpha-purple-500x99.png 500w\" sizes=\"auto, (max-width: 504px) 100vw, 504px\" \/>\t\t\t\t\t\t\t\n\t\t\t\t\t\t\t\t\t\t\t\t\t\t\t<p>Kinsta es el primer host exclusivamente potenciado por Google Cloud Platform, con centros de datos en 20 ubicaciones distintas en todo el mundo.&nbsp;Kinsta administra f\u00e1cilmente sitios de alto volumen de tr\u00e1fico que requieren un rendimiento superior y tiempo de actividad. Algunos de sus clientes&nbsp;incluyen compa\u00f1\u00edas como&nbsp;Superluchas.com, Intriper,&nbsp;Mint.com, GE, AdEspresso, Workforce y&nbsp;colombiamegusta.com. Su objetivo principal es&nbsp;proporcionar &hellip; <a href=\"https:\/\/puebla.wordcamp.org\/2019\/sponsor\/kinsta\/\" class=\"more-link\">Sigue leyendo<span class=\"screen-reader-text\"> \u00abKinsta\u00bb<\/span><\/a><\/p>\n\t\t\t\t\t\t\t\t\t\t\t\t\t<\/div>\n\t\t\t\t\t<\/div><!-- #sponsor -->\n\t\t\t\t\t\t\t<\/div><!-- .wcorg-sponsor-level -->\n\t\t\n\t\t\t<div class=\"wcorg-sponsor-level-in-kind\">\n\t\t\t\t<h2>In Kind<\/h2>\n\n\t\t\t\t\n\t\t\t\t\t<div id=\"wcorg-sponsor-1590\" class=\"wcorg-sponsor\">\n\t\t\t\t\t\t\t\t\t\t\t\t\t\t\t\t\t\t\t\t\t<h3>\n\t\t\t\t\t\t\t\t\tWork\u00f3sfera\t\t\t\t\t\t\t\t<\/h3>\n\t\t\t\t\t\t\t\t\t\t\t\t\t\n\t\t\t\t\t\t<div class=\"wcorg-sponsor-description\">\n\t\t\t\t\t\t\t\t\t\t\t\t\t\t\t<img loading=\"lazy\" decoding=\"async\" width=\"600\" height=\"206\" src=\"https:\/\/puebla.wordcamp.org\/2019\/files\/2019\/10\/workosfera-logo.png\" class=\"attachment-wcb-sponsor-logo-horizontal-2x size-wcb-sponsor-logo-horizontal-2x wp-post-image\" alt=\"Work\u00f3sfera\" srcset=\"https:\/\/puebla.wordcamp.org\/2019\/files\/2019\/10\/workosfera-logo.png 600w, https:\/\/puebla.wordcamp.org\/2019\/files\/2019\/10\/workosfera-logo-300x103.png 300w, https:\/\/puebla.wordcamp.org\/2019\/files\/2019\/10\/workosfera-logo-500x172.png 500w\" sizes=\"auto, (max-width: 600px) 100vw, 600px\" \/>\t\t\t\t\t\t\t\n\t\t\t\t\t\t\t\t\t\t\t\t\t\t\t<p>Somos el espacio de coworking flexible que despierta tu creatividad en el trabajo y te conecta con otros para crecer. Work\u00f3sfera es un espacio dise\u00f1ado especialmente para que trabajes, conozcas gente y salgas de la rutina. Buscamos fomentar que mejores tus redes personales, te conectes con expertos y te enfoques para que tu negocio crezca\u2026 &hellip; <a href=\"https:\/\/puebla.wordcamp.org\/2019\/sponsor\/workosfera\/\" class=\"more-link\">Sigue leyendo<span class=\"screen-reader-text\"> \u00abWork\u00f3sfera\u00bb<\/span><\/a><\/p>\n\t\t\t\t\t\t\t\t\t\t\t\t\t<\/div>\n\t\t\t\t\t<\/div><!-- #sponsor -->\n\t\t\t\t\t\t\t<\/div><!-- .wcorg-sponsor-level -->\n\t\t\n\t\t\t<div class=\"wcorg-sponsor-level-pyme\">\n\t\t\t\t<h2>Pyme<\/h2>\n\n\t\t\t\t\n\t\t\t\t\t<div id=\"wcorg-sponsor-1689\" class=\"wcorg-sponsor\">\n\t\t\t\t\t\t\t\t\t\t\t\t\t\t\t\t\t\t\t\t\t<h3>\n\t\t\t\t\t\t\t\t\tCleanranks\t\t\t\t\t\t\t\t<\/h3>\n\t\t\t\t\t\t\t\t\t\t\t\t\t\n\t\t\t\t\t\t<div class=\"wcorg-sponsor-description\">\n\t\t\t\t\t\t\t\t\t\t\t\t\t\t\t<img loading=\"lazy\" decoding=\"async\" width=\"1134\" height=\"279\" src=\"https:\/\/puebla.wordcamp.org\/2019\/files\/2019\/10\/logo-Clean-Ranks.png\" class=\"attachment-wcb-sponsor-logo-horizontal-2x size-wcb-sponsor-logo-horizontal-2x wp-post-image\" alt=\"Cleanranks\" srcset=\"https:\/\/puebla.wordcamp.org\/2019\/files\/2019\/10\/logo-Clean-Ranks.png 1134w, https:\/\/puebla.wordcamp.org\/2019\/files\/2019\/10\/logo-Clean-Ranks-300x74.png 300w, https:\/\/puebla.wordcamp.org\/2019\/files\/2019\/10\/logo-Clean-Ranks-768x189.png 768w, https:\/\/puebla.wordcamp.org\/2019\/files\/2019\/10\/logo-Clean-Ranks-1024x252.png 1024w, https:\/\/puebla.wordcamp.org\/2019\/files\/2019\/10\/logo-Clean-Ranks-500x123.png 500w\" sizes=\"auto, (max-width: 1134px) 100vw, 1134px\" \/>\t\t\t\t\t\t\t\n\t\t\t\t\t\t\t\t\t\t\t\t\t\t\t<p>Especialistas en servicios SEO y LinkBuilding&nbsp;&nbsp;para e-Business , e-Commerce y agencias de marketing digital. CleanRanks es una empresa dedicada a la evaluaci\u00f3n, implementaci\u00f3n y mejora continua de proyectos SEO realizados con base en inteligencia de negocio. Alineamos los objetivos y enfoque de nuestros clientes para resaltar su valor en el mercado. Hemos participado en proyectos &hellip; <a href=\"https:\/\/puebla.wordcamp.org\/2019\/sponsor\/cleanranks\/\" class=\"more-link\">Sigue leyendo<span class=\"screen-reader-text\"> \u00abCleanranks\u00bb<\/span><\/a><\/p>\n\t\t\t\t\t\t\t\t\t\t\t\t\t<\/div>\n\t\t\t\t\t<\/div><!-- #sponsor -->\n\t\t\t\t\t\t\t<\/div><!-- .wcorg-sponsor-level -->\n\t\t\t<\/div><!-- .wcorg-sponsors -->\n\n\t\n\t\t<\/div>\n<\/p><\/div>\n<\/div>\n","protected":false},"excerpt":{"rendered":"","protected":false},"author":15580649,"featured_media":0,"parent":0,"menu_order":0,"comment_status":"closed","ping_status":"closed","template":"","meta":{"_crdt_document":"","footnotes":""},"class_list":["post-10","page","type-page","status-publish","hentry"],"jetpack_sharing_enabled":true,"_links":{"self":[{"href":"https:\/\/puebla.wordcamp.org\/2019\/wp-json\/wp\/v2\/pages\/10","targetHints":{"allow":["GET"]}}],"collection":[{"href":"https:\/\/puebla.wordcamp.org\/2019\/wp-json\/wp\/v2\/pages"}],"about":[{"href":"https:\/\/puebla.wordcamp.org\/2019\/wp-json\/wp\/v2\/types\/page"}],"author":[{"embeddable":true,"href":"https:\/\/puebla.wordcamp.org\/2019\/wp-json\/wp\/v2\/users\/15580649"}],"replies":[{"embeddable":true,"href":"https:\/\/puebla.wordcamp.org\/2019\/wp-json\/wp\/v2\/comments?post=10"}],"version-history":[{"count":5,"href":"https:\/\/puebla.wordcamp.org\/2019\/wp-json\/wp\/v2\/pages\/10\/revisions"}],"predecessor-version":[{"id":889,"href":"https:\/\/puebla.wordcamp.org\/2019\/wp-json\/wp\/v2\/pages\/10\/revisions\/889"}],"wp:attachment":[{"href":"https:\/\/puebla.wordcamp.org\/2019\/wp-json\/wp\/v2\/media?parent=10"}],"curies":[{"name":"wp","href":"https:\/\/api.w.org\/{rel}","templated":true}]}}