{"id":12,"date":"2019-06-11T09:33:59","date_gmt":"2019-06-11T09:33:59","guid":{"rendered":"https:\/\/2019.puebla.wordcamp.org\/organizers\/"},"modified":"2019-10-16T18:20:10","modified_gmt":"2019-10-16T23:20:10","slug":"organizers","status":"publish","type":"page","link":"https:\/\/puebla.wordcamp.org\/2019\/organizers\/","title":{"rendered":"Organizadores"},"content":{"rendered":"\t<div class=\"wcorg-organizers\">\n\n\t\t\n\t\t\t<div class=\"wcorg-organizer\">\n\t\t\t\t<h2>Jesus Manuel Hernandez Lezama<\/h2>\n\t\t\t\t<div class=\"wcorg-organizer-description\">\n\t\t\t\t\t\t\t\t\t\t<img alt='' src='https:\/\/secure.gravatar.com\/avatar\/da3351774cd49f7f4cdfa07f52ca50311833a57093bb53a0482094e7145bbc65?s=100&#038;d=mm&#038;r=g' srcset='https:\/\/secure.gravatar.com\/avatar\/da3351774cd49f7f4cdfa07f52ca50311833a57093bb53a0482094e7145bbc65?s=200&#038;d=mm&#038;r=g 2x' class='avatar avatar-100 photo' height='100' width='100' \/>\t\t\t\t\t\n<p class=\"wp-block-paragraph\">Desde el 2010 he estado involucrado en diferentes proyectos y trabajos relacionados con WordPress, linux y marketing digital.<br>Actualmente trabajo generando la estrategia y optimizaci\u00f3n de campa\u00f1as digitales para m\u00faltiples clientes y sectores.<\/p>\n\t\t\t\t<\/div>\n\t\t\t<\/div>\n\n\t\t\n\t\t\t<div class=\"wcorg-organizer\">\n\t\t\t\t<h2>Armando S\u00e1nchez Aguilar<\/h2>\n\t\t\t\t<div class=\"wcorg-organizer-description\">\n\t\t\t\t\t\t\t\t\t\t<img alt='' src='https:\/\/secure.gravatar.com\/avatar\/94ba70b936d8a20e700fa6a73d4824fd1b5156624b1b3afab77c78976c8b5f3f?s=100&#038;d=mm&#038;r=g' srcset='https:\/\/secure.gravatar.com\/avatar\/94ba70b936d8a20e700fa6a73d4824fd1b5156624b1b3afab77c78976c8b5f3f?s=200&#038;d=mm&#038;r=g 2x' class='avatar avatar-100 photo' height='100' width='100' \/>\t\t\t\t\t\n<p class=\"wp-block-paragraph\"> Webmaster. Ingeniero en Computaci\u00f3n de profesi\u00f3n y dise\u00f1ador por hobby. He trabajado en WordPress y Woocommerce desde hace algunos a\u00f1os, moviendo un poquito de aqu\u00ed y de all\u00e1. Co-organizador de\u00a0<a href=\"https:\/\/twitter.com\/wppuebla\">@wppuebla<\/a>. Apoy\u00e9 como voluntario en el pasado <a href=\"https:\/\/twitter.com\/wpcdmx\">@WPCDMX<\/a>\u00a0y otros eventos. <\/p>\n\t\t\t\t<\/div>\n\t\t\t<\/div>\n\n\t\t\n\t\t\t<div class=\"wcorg-organizer\">\n\t\t\t\t<h2>Jair Garrido Martell<\/h2>\n\t\t\t\t<div class=\"wcorg-organizer-description\">\n\t\t\t\t\t\t\t\t\t\t<img alt='' src='https:\/\/secure.gravatar.com\/avatar\/157714f2f0f15446b1e1adc0667968dfbda034862128d24cd59b23e927ae8231?s=100&#038;d=mm&#038;r=g' srcset='https:\/\/secure.gravatar.com\/avatar\/157714f2f0f15446b1e1adc0667968dfbda034862128d24cd59b23e927ae8231?s=200&#038;d=mm&#038;r=g 2x' class='avatar avatar-100 photo' height='100' width='100' \/>\t\t\t\t\t\n<p class=\"wp-block-paragraph\"> Emprendedor, Desarrollador\/Woocommerce Developer, WordPress Lover.<\/p>\n\n\n\n<p class=\"wp-block-paragraph\">Co-organizador de los meetups de\u00a0<a href=\"https:\/\/twitter.com\/wppuebla\">@wppuebla<\/a>. Co-organizador de los WordCamp 2018 y 2019 Puebla. <br> Me puedes encontrar en\u00a0<a rel=\"noreferrer noopener\" aria-label=\"@soymartello (opens in a new tab)\" href=\"https:\/\/instagram.com\/soymartello\/\" target=\"_blank\">@soymartello<\/a> y\u00a0<a href=\"https:\/\/profiles.wordpress.org\/jairgmartell\/\" target=\"_blank\" rel=\"noreferrer noopener\" aria-label=\"@jairgmartell (opens in a new tab)\">@jairgmartell<\/a><\/p>\n\t\t\t\t<\/div>\n\t\t\t<\/div>\n\n\t\t\n\t\t\t<div class=\"wcorg-organizer\">\n\t\t\t\t<h2>Cristopher Garrido Martell<\/h2>\n\t\t\t\t<div class=\"wcorg-organizer-description\">\n\t\t\t\t\t\t\t\t\t\t<img alt='' src='https:\/\/secure.gravatar.com\/avatar\/b15be879d81abe472b61e1fe99e39351209f2c3e57259617aef81c2b0102d7b2?s=100&#038;d=mm&#038;r=g' srcset='https:\/\/secure.gravatar.com\/avatar\/b15be879d81abe472b61e1fe99e39351209f2c3e57259617aef81c2b0102d7b2?s=200&#038;d=mm&#038;r=g 2x' class='avatar avatar-100 photo' height='100' width='100' \/>\t\t\t\t\t\n<p class=\"wp-block-paragraph\">Consultor de Estrategias Digitales\/Inteligencia de negocios\/WordPress\/Woocommerce Developer. Co-organizador de\u00a0<a href=\"https:\/\/twitter.com\/wppuebla\">@wppuebla<\/a>. Apoy\u00e9 a organizar\u00a0<a href=\"https:\/\/twitter.com\/wpcdmx\">@WPCDMX<\/a>\u00a0y otros eventos. Me puedes encontrar en\u00a0<a href=\"https:\/\/twitter.com\/wpcristopher\">@wpcristopher<\/a>\u00a0y\u00a0<a href=\"https:\/\/profiles.wordpress.org\/gmartell\/\">@gmartell<\/a><\/p>\n\t\t\t\t<\/div>\n\t\t\t<\/div>\n\n\t\t\n\t<\/div><!-- .wcorg-organizers -->\n\t\n","protected":false},"excerpt":{"rendered":"","protected":false},"author":15580649,"featured_media":0,"parent":0,"menu_order":0,"comment_status":"closed","ping_status":"closed","template":"","meta":{"_crdt_document":"","footnotes":""},"class_list":["post-12","page","type-page","status-publish","hentry"],"jetpack_sharing_enabled":true,"_links":{"self":[{"href":"https:\/\/puebla.wordcamp.org\/2019\/wp-json\/wp\/v2\/pages\/12","targetHints":{"allow":["GET"]}}],"collection":[{"href":"https:\/\/puebla.wordcamp.org\/2019\/wp-json\/wp\/v2\/pages"}],"about":[{"href":"https:\/\/puebla.wordcamp.org\/2019\/wp-json\/wp\/v2\/types\/page"}],"author":[{"embeddable":true,"href":"https:\/\/puebla.wordcamp.org\/2019\/wp-json\/wp\/v2\/users\/15580649"}],"replies":[{"embeddable":true,"href":"https:\/\/puebla.wordcamp.org\/2019\/wp-json\/wp\/v2\/comments?post=12"}],"version-history":[{"count":2,"href":"https:\/\/puebla.wordcamp.org\/2019\/wp-json\/wp\/v2\/pages\/12\/revisions"}],"predecessor-version":[{"id":1392,"href":"https:\/\/puebla.wordcamp.org\/2019\/wp-json\/wp\/v2\/pages\/12\/revisions\/1392"}],"wp:attachment":[{"href":"https:\/\/puebla.wordcamp.org\/2019\/wp-json\/wp\/v2\/media?parent=12"}],"curies":[{"name":"wp","href":"https:\/\/api.w.org\/{rel}","templated":true}]}}